{"id":489,"date":"2021-11-25T18:21:01","date_gmt":"2021-11-25T18:21:01","guid":{"rendered":"http:\/\/wroclawskaszkolaspiewu.pl\/?page_id=489"},"modified":"2023-05-31T16:56:55","modified_gmt":"2023-05-31T16:56:55","slug":"faq-czyli-najczesciej-zadawane-pytania","status":"publish","type":"page","link":"https:\/\/wroclawskaszkolaspiewu.pl\/index.php\/faq-czyli-najczesciej-zadawane-pytania\/","title":{"rendered":"FAQ czyli cz\u0119sto zadawane pytania"},"content":{"rendered":"\n<h4 class=\"wp-block-heading\">Kto mo\u017ce si\u0119 zapisa\u0107 na zaj\u0119cia?<\/h4>\n\n\n\n<p>Ka\u017cdy. Pracujemy z doros\u0142ymi, z nastolatkami i z dzie\u0107mi. Mamy w naszej ofercie zaj\u0119cia zar\u00f3wno dla os\u00f3b pocz\u0105tkuj\u0105cych, jak i zaawansowanych. Chcesz \u015bpiewa\u0107? Doskonale! To jedyny warunek, jaki musisz spe\u0142ni\u0107, zanim si\u0119 zapiszesz.<\/p>\n\n\n\n<h4 class=\"wp-block-heading\">Kiedy mo\u017cna rozpocz\u0105\u0107 nauk\u0119?<\/h4>\n\n\n\n<p>W dowolnym momencie. Nie dzielimy nauki na lata i semestry. Mo\u017cesz si\u0119 zapisa\u0107 wtedy, kiedy masz na to ochot\u0119.<\/p>\n\n\n\n<h4 class=\"wp-block-heading\">Czy mo\u017cna si\u0119 zapisa\u0107 na lekcj\u0119 pr\u00f3bn\u0105?<\/h4>\n\n\n\n<p>Mo\u017cna si\u0119 zapisa\u0107 na jedn\u0105 lekcj\u0119 i po niej podj\u0105\u0107 decyzj\u0119, co dalej. Nie podpisujemy d\u0142ugofalowych um\u00f3w, nie mamy abonament\u00f3w. W ka\u017cdej chwili mo\u017cna nauk\u0119 w naszej Szkole rozpocz\u0105\u0107 i zako\u0144czy\u0107.<\/p>\n\n\n\n<h4 class=\"wp-block-heading\">Czy pierwsza lekcja jest darmowa?<\/h4>\n\n\n\n<p>Pierwsza lekcja jest p\u0142atna tak samo jak ka\u017cda kolejna. Pierwsza lekcja w naszej Szkole to pe\u0142nowarto\u015bciowa us\u0142uga. Trenerka\/Trener przeprowadzi diagnoz\u0119 Twojego g\u0142osu i poka\u017ce Ci najlepsze dla Ciebie w tym momencie \u0107wiczenia.  Ju\u017c po pierwszej lekcji poczujesz w swoim g\u0142osie zmiany na lepsze.<\/p>\n\n\n\n<h4 class=\"wp-block-heading\">Jakie s\u0105 terminy zaj\u0119\u0107?<\/h4>\n\n\n\n<p>Dni i godziny zaj\u0119\u0107 s\u0105 ustalane indywidualnie. Ty podajesz nam swoj\u0105 dyspozycyjno\u015b\u0107, a my zajmujemy si\u0119 reszt\u0105.<\/p>\n\n\n\n<h4 class=\"wp-block-heading\">Czy mog\u0119 wybra\u0107 Trenerk\u0119 \/ Trenera?<\/h4>\n\n\n\n<p>Tak, w miar\u0119 dost\u0119pno\u015bci termin\u00f3w. Je\u015bli nie b\u0119dzie wolnych termin\u00f3w u wybranej przez Ciebie osoby, ch\u0119tnie zaproponujemy Ci zaj\u0119cia z kim\u015b innym albo wpiszemy Ci\u0119 na list\u0119 oczekuj\u0105cych.<\/p>\n\n\n\n<p>Pssst! Wszystkie nasze Trenerki i Trenerzy s\u0105 super!<\/p>\n\n\n\n<h4 class=\"wp-block-heading\">Gdzie si\u0119 odbywaj\u0105 zaj\u0119cia?<\/h4>\n\n\n\n<p>Obecnie prowadzimy wi\u0119kszo\u015b\u0107 zaj\u0119\u0107 w dw\u00f3ch lokalizacjach we Wroc\u0142awiu: ul. Pi\u0142sudskiego 32\/1b i ul. Trwa\u0142a 7 (niedaleko Sky Towera). Czasem prowadzimy zaj\u0119cia go\u015bcinnie w innych lokalizacjach.<\/p>\n\n\n\n<h4 class=\"wp-block-heading\">Ile trwaj\u0105 zaj\u0119cia?<\/h4>\n\n\n\n<p>Najcz\u0119\u015bciej 45 lub 60 minut. Ty decydujesz, a je\u015bli masz w\u0105tpliwo\u015bci, ch\u0119tnie pomo\u017cemy. <\/p>\n\n\n\n<h4 class=\"wp-block-heading\">Jaki jest koszt zaj\u0119\u0107?<\/h4>\n\n\n\n<p>To zale\u017cy od typu zaj\u0119\u0107 i ich d\u0142ugo\u015bci &#8211; szczeg\u00f3\u0142owy cennik znajdziesz w zak\u0142adce Regulamin i cennik na naszej stronie.<\/p>\n\n\n\n<h4 class=\"wp-block-heading\">Czy trzeba si\u0119 jako\u015b przygotowa\u0107 na pierwsze zaj\u0119cia?<\/h4>\n\n\n\n<p>Nie musisz si\u0119 specjalnie przygotowywa\u0107, ale na zaj\u0119ciach z emisji g\u0142osu prawie na pewno zdarzy si\u0119, \u017ce Trenerka lub Trener poprosi Ci\u0119 o za\u015bpiewanie fragmentu piosenki. Praca p\u00f3jdzie sprawniej, je\u015bli wcze\u015bniej wybierzesz utw\u00f3r dla siebie, bo zwykle tak jest, \u017ce kiedy ju\u017c pada pytanie &#8222;Co chcesz za\u015bpiewa\u0107?&#8221;, wszystkie piosenki wylatuj\u0105 z g\u0142owy.<\/p>\n\n\n\n<h4 class=\"wp-block-heading\">Ile trwa nauka?<\/h4>\n\n\n\n<p>Ile chcesz :). Mo\u017cesz przyj\u015b\u0107 na jedn\u0105 lekcj\u0119, po prostu \u017ceby zobaczy\u0107, jak to jest. Ale mo\u017cesz te\u017c przychodzi\u0107 do nas regularnie, a\u017c poczujesz, \u017ce uda\u0142o Ci si\u0119 zrealizowa\u0107 Twoje wokalne cele.<\/p>\n\n\n\n<h4 class=\"wp-block-heading\">Jakimi metodami pracuj\u0105 Trenerki i Trenerzy WS\u015a?<\/h4>\n\n\n\n<p>Pracujemy r\u00f3\u017cnymi metodami, zawsze dobieraj\u0105c je indywidualnie do potrzeb naszych Uczni\u00f3w. Ca\u0142y czas rozwijamy si\u0119 i szkolimy, bo niezwykle wa\u017cne jest dla nas to, \u017ceby w naszej pracy kierowa\u0107 si\u0119 najbardziej aktualnym stanem wiedzy.<\/p>\n\n\n\n<h4 class=\"wp-block-heading\">Czy mo\u017cna kupi\u0107 komu\u015b zaj\u0119cia na prezent?<\/h4>\n\n\n\n<p>Tak, mo\u017cna zam\u00f3wi\u0107 u nas imienny voucher na dowoln\u0105 liczb\u0119 zaj\u0119\u0107. Szczeg\u00f3\u0142y ustalimy mailowo lub telefonicznie.<\/p>\n","protected":false},"excerpt":{"rendered":"<p>Kto mo\u017ce si\u0119 zapisa\u0107 na zaj\u0119cia? Ka\u017cdy. Pracujemy z doros\u0142ymi, z nastolatkami i z dzie\u0107mi. Mamy w naszej ofercie zaj\u0119cia zar\u00f3wno dla os\u00f3b pocz\u0105tkuj\u0105cych, jak i zaawansowanych. Chcesz \u015bpiewa\u0107? Doskonale! To jedyny warunek, jaki musisz spe\u0142ni\u0107, zanim si\u0119 zapiszesz. Kiedy mo\u017cna rozpocz\u0105\u0107 nauk\u0119? W dowolnym momencie. Nie dzielimy nauki na lata i semestry. Mo\u017cesz si\u0119 &hellip; <\/p>\n<p class=\"link-more\"><a href=\"https:\/\/wroclawskaszkolaspiewu.pl\/index.php\/faq-czyli-najczesciej-zadawane-pytania\/\" class=\"more-link\">Czytaj dalej<span class=\"screen-reader-text\"> \u201eFAQ czyli cz\u0119sto zadawane pytania\u201d<\/span><\/a><\/p>\n","protected":false},"author":1,"featured_media":0,"parent":0,"menu_order":0,"comment_status":"closed","ping_status":"closed","template":"","meta":{"footnotes":""},"_links":{"self":[{"href":"https:\/\/wroclawskaszkolaspiewu.pl\/index.php\/wp-json\/wp\/v2\/pages\/489"}],"collection":[{"href":"https:\/\/wroclawskaszkolaspiewu.pl\/index.php\/wp-json\/wp\/v2\/pages"}],"about":[{"href":"https:\/\/wroclawskaszkolaspiewu.pl\/index.php\/wp-json\/wp\/v2\/types\/page"}],"author":[{"embeddable":true,"href":"https:\/\/wroclawskaszkolaspiewu.pl\/index.php\/wp-json\/wp\/v2\/users\/1"}],"replies":[{"embeddable":true,"href":"https:\/\/wroclawskaszkolaspiewu.pl\/index.php\/wp-json\/wp\/v2\/comments?post=489"}],"version-history":[{"count":5,"href":"https:\/\/wroclawskaszkolaspiewu.pl\/index.php\/wp-json\/wp\/v2\/pages\/489\/revisions"}],"predecessor-version":[{"id":795,"href":"https:\/\/wroclawskaszkolaspiewu.pl\/index.php\/wp-json\/wp\/v2\/pages\/489\/revisions\/795"}],"wp:attachment":[{"href":"https:\/\/wroclawskaszkolaspiewu.pl\/index.php\/wp-json\/wp\/v2\/media?parent=489"}],"curies":[{"name":"wp","href":"https:\/\/api.w.org\/{rel}","templated":true}]}}