{"id":377,"date":"2020-05-12T12:41:30","date_gmt":"2020-05-12T12:41:30","guid":{"rendered":"http:\/\/wroclawskaszkolaspiewu.pl\/?page_id=377"},"modified":"2020-05-12T12:52:22","modified_gmt":"2020-05-12T12:52:22","slug":"muzyka-aranzacja","status":"publish","type":"page","link":"https:\/\/wroclawskaszkolaspiewu.pl\/index.php\/muzyka-aranzacja\/","title":{"rendered":"Muzyka \/ aran\u017cacja"},"content":{"rendered":"\n<p>Je\u015bli masz tekst piosenki, lub zamierzasz go napisa\u0107, ale szukasz kogo\u015b, kto napisze muzyk\u0119 do Twojego tekstu, jeste\u015b we w\u0142a\u015bciwym miejscu. <\/p>\n\n\n\n<ul><li>Napiszemy muzyk\u0119 wed\u0142ug Twojego pomys\u0142u, je\u015bli wiesz dok\u0142adnie, czego oczekujesz.<\/li><li>Je\u015bli nie masz konkretnego pomys\u0142u, zaproponujemy Ci co\u015b.<\/li><li>Je\u015bli masz szkic utworu, ale potrzebujesz aran\u017cacji, przygotujemy j\u0105 dla Ciebie.<\/li><\/ul>\n\n\n\n<p>Ka\u017cde zlecenie wyceniamy indywidualnie. Je\u015bli masz jakie\u015b pytania, skontaktuj si\u0119 z nami mailowo lub telefonicznie.<\/p>\n","protected":false},"excerpt":{"rendered":"<p>Je\u015bli masz tekst piosenki, lub zamierzasz go napisa\u0107, ale szukasz kogo\u015b, kto napisze muzyk\u0119 do Twojego tekstu, jeste\u015b we w\u0142a\u015bciwym miejscu. Napiszemy muzyk\u0119 wed\u0142ug Twojego pomys\u0142u, je\u015bli wiesz dok\u0142adnie, czego oczekujesz. Je\u015bli nie masz konkretnego pomys\u0142u, zaproponujemy Ci co\u015b. Je\u015bli masz szkic utworu, ale potrzebujesz aran\u017cacji, przygotujemy j\u0105 dla Ciebie. Ka\u017cde zlecenie wyceniamy indywidualnie. Je\u015bli &hellip; <\/p>\n<p class=\"link-more\"><a href=\"https:\/\/wroclawskaszkolaspiewu.pl\/index.php\/muzyka-aranzacja\/\" class=\"more-link\">Czytaj dalej<span class=\"screen-reader-text\"> \u201eMuzyka \/ aran\u017cacja\u201d<\/span><\/a><\/p>\n","protected":false},"author":1,"featured_media":385,"parent":0,"menu_order":0,"comment_status":"closed","ping_status":"closed","template":"","meta":{"footnotes":""},"_links":{"self":[{"href":"https:\/\/wroclawskaszkolaspiewu.pl\/index.php\/wp-json\/wp\/v2\/pages\/377"}],"collection":[{"href":"https:\/\/wroclawskaszkolaspiewu.pl\/index.php\/wp-json\/wp\/v2\/pages"}],"about":[{"href":"https:\/\/wroclawskaszkolaspiewu.pl\/index.php\/wp-json\/wp\/v2\/types\/page"}],"author":[{"embeddable":true,"href":"https:\/\/wroclawskaszkolaspiewu.pl\/index.php\/wp-json\/wp\/v2\/users\/1"}],"replies":[{"embeddable":true,"href":"https:\/\/wroclawskaszkolaspiewu.pl\/index.php\/wp-json\/wp\/v2\/comments?post=377"}],"version-history":[{"count":1,"href":"https:\/\/wroclawskaszkolaspiewu.pl\/index.php\/wp-json\/wp\/v2\/pages\/377\/revisions"}],"predecessor-version":[{"id":379,"href":"https:\/\/wroclawskaszkolaspiewu.pl\/index.php\/wp-json\/wp\/v2\/pages\/377\/revisions\/379"}],"wp:featuredmedia":[{"embeddable":true,"href":"https:\/\/wroclawskaszkolaspiewu.pl\/index.php\/wp-json\/wp\/v2\/media\/385"}],"wp:attachment":[{"href":"https:\/\/wroclawskaszkolaspiewu.pl\/index.php\/wp-json\/wp\/v2\/media?parent=377"}],"curies":[{"name":"wp","href":"https:\/\/api.w.org\/{rel}","templated":true}]}}