{"id":262,"date":"2020-04-25T16:54:18","date_gmt":"2020-04-25T16:54:18","guid":{"rendered":"http:\/\/wroclawskaszkolaspiewu.pl\/?page_id=262"},"modified":"2025-11-19T08:49:44","modified_gmt":"2025-11-19T08:49:44","slug":"gabrysia-komorowska","status":"publish","type":"page","link":"https:\/\/wroclawskaszkolaspiewu.pl\/index.php\/gabrysia-komorowska\/","title":{"rendered":"Gabrysia Komorowska"},"content":{"rendered":"<p><img loading=\"lazy\" decoding=\"async\" class=\"aligncenter size-full wp-image-1204\" src=\"https:\/\/wroclawskaszkolaspiewu.pl\/wp-content\/uploads\/2025\/11\/cafe-deluca-\u2014-kopia-4.jpg\" alt=\"\" width=\"1748\" height=\"1240\" srcset=\"https:\/\/wroclawskaszkolaspiewu.pl\/wp-content\/uploads\/2025\/11\/cafe-deluca-\u2014-kopia-4.jpg 1748w, https:\/\/wroclawskaszkolaspiewu.pl\/wp-content\/uploads\/2025\/11\/cafe-deluca-\u2014-kopia-4-300x213.jpg 300w, https:\/\/wroclawskaszkolaspiewu.pl\/wp-content\/uploads\/2025\/11\/cafe-deluca-\u2014-kopia-4-1024x726.jpg 1024w, https:\/\/wroclawskaszkolaspiewu.pl\/wp-content\/uploads\/2025\/11\/cafe-deluca-\u2014-kopia-4-768x545.jpg 768w, https:\/\/wroclawskaszkolaspiewu.pl\/wp-content\/uploads\/2025\/11\/cafe-deluca-\u2014-kopia-4-1536x1090.jpg 1536w\" sizes=\"(max-width: 767px) 89vw, (max-width: 1000px) 54vw, (max-width: 1071px) 543px, 580px\" \/><\/p>\n<p>Gabriela Komorowska \u2013 muzykoterapeutka i nauczycielka \u015bpiewu. Absolwentka studi\u00f3w<br \/>magisterskich na Akademii Muzycznej we Wroc\u0142awiu na kierunku Kompozycja i Teoria<br \/>muzyki, specjalno\u015b\u0107 muzykoterapia. Flecistka i wokalistka czynnie dzia\u0142aj\u0105ca przy licznych<br \/>projektach muzycznych i teatralnych. Wsp\u00f3\u0142pracuje z Przyl\u0105dkiem Nadziei, wroc\u0142awskimi<br \/>przedszkolami i \u017c\u0142obkami gdzie prowadzi zaj\u0119cia i sesje muzykoterapeutyczne.<\/p>\n<p>Wsp\u00f3\u0142tw\u00f3rczyni muzyki do spektaklu &#8222;Te sprawy&#8221; wystawianego w Teatrze Kameralnym w<br \/>Bydgoszczy. Wsp\u00f3\u0142autorka artyku\u0142\u00f3w w publikacji \u201eMuzykoterapia &#8211; od zainteresowa\u0144 do praktyki klinicznej\u201d w serii: &#8222;D\u017awi\u0119k &#8211; Muzyka \u2013 Terapia&#8221;.<\/p>\n<p>Przekazuje innym, \u017ce ze \u015bpiewu i muzyki mo\u017cna czerpa\u0107 satysfakcj\u0119, niezale\u017cnie od<br \/>posiadanych umiej\u0119tno\u015bci. Rado\u015b\u0107 p\u0142yn\u0105ca z do\u015bwiadczania sztuki prowadzi do<br \/>zadowolenia z w\u0142asnego \u017cycia. Pomaga w otwarciu si\u0119 na samego siebie i innych ludzi.<br \/>Prowadzi do wyzwolenia zablokowanych w ciele emocji oraz do stan\u00f3w odpr\u0119\u017cenia i<br \/>poczucia oderwania si\u0119 od rzeczywistego \u015bwiata.<\/p>\n\n\n<p><\/p>\n","protected":false},"excerpt":{"rendered":"<p>Gabriela Komorowska \u2013 muzykoterapeutka i nauczycielka \u015bpiewu. Absolwentka studi\u00f3wmagisterskich na Akademii Muzycznej we Wroc\u0142awiu na kierunku Kompozycja i Teoriamuzyki, specjalno\u015b\u0107 muzykoterapia. Flecistka i wokalistka czynnie dzia\u0142aj\u0105ca przy licznychprojektach muzycznych i teatralnych. Wsp\u00f3\u0142pracuje z Przyl\u0105dkiem Nadziei, wroc\u0142awskimiprzedszkolami i \u017c\u0142obkami gdzie prowadzi zaj\u0119cia i sesje muzykoterapeutyczne. Wsp\u00f3\u0142tw\u00f3rczyni muzyki do spektaklu &#8222;Te sprawy&#8221; wystawianego w Teatrze Kameralnym wBydgoszczy. &hellip; <\/p>\n<p class=\"link-more\"><a href=\"https:\/\/wroclawskaszkolaspiewu.pl\/index.php\/gabrysia-komorowska\/\" class=\"more-link\">Czytaj dalej<span class=\"screen-reader-text\"> \u201eGabrysia Komorowska\u201d<\/span><\/a><\/p>\n","protected":false},"author":1,"featured_media":0,"parent":0,"menu_order":0,"comment_status":"closed","ping_status":"closed","template":"","meta":{"footnotes":""},"_links":{"self":[{"href":"https:\/\/wroclawskaszkolaspiewu.pl\/index.php\/wp-json\/wp\/v2\/pages\/262"}],"collection":[{"href":"https:\/\/wroclawskaszkolaspiewu.pl\/index.php\/wp-json\/wp\/v2\/pages"}],"about":[{"href":"https:\/\/wroclawskaszkolaspiewu.pl\/index.php\/wp-json\/wp\/v2\/types\/page"}],"author":[{"embeddable":true,"href":"https:\/\/wroclawskaszkolaspiewu.pl\/index.php\/wp-json\/wp\/v2\/users\/1"}],"replies":[{"embeddable":true,"href":"https:\/\/wroclawskaszkolaspiewu.pl\/index.php\/wp-json\/wp\/v2\/comments?post=262"}],"version-history":[{"count":8,"href":"https:\/\/wroclawskaszkolaspiewu.pl\/index.php\/wp-json\/wp\/v2\/pages\/262\/revisions"}],"predecessor-version":[{"id":1206,"href":"https:\/\/wroclawskaszkolaspiewu.pl\/index.php\/wp-json\/wp\/v2\/pages\/262\/revisions\/1206"}],"wp:attachment":[{"href":"https:\/\/wroclawskaszkolaspiewu.pl\/index.php\/wp-json\/wp\/v2\/media?parent=262"}],"curies":[{"name":"wp","href":"https:\/\/api.w.org\/{rel}","templated":true}]}}