{"id":20,"date":"2018-01-09T01:32:50","date_gmt":"2018-01-09T01:32:50","guid":{"rendered":"http:\/\/wroclawskaszkolaspiewu.pl\/?page_id=20"},"modified":"2026-03-26T09:59:55","modified_gmt":"2026-03-26T09:59:55","slug":"zespol","status":"publish","type":"page","link":"https:\/\/wroclawskaszkolaspiewu.pl\/index.php\/zespol\/","title":{"rendered":"Nasz Zesp\u00f3\u0142"},"content":{"rendered":"\n<figure class=\"wp-block-image size-full\"><img loading=\"lazy\" decoding=\"async\" width=\"940\" height=\"788\" src=\"https:\/\/wroclawskaszkolaspiewu.pl\/wp-content\/uploads\/2025\/10\/Projekt-bez-nazwy-3.png\" alt=\"\" class=\"wp-image-1173\" srcset=\"https:\/\/wroclawskaszkolaspiewu.pl\/wp-content\/uploads\/2025\/10\/Projekt-bez-nazwy-3.png 940w, https:\/\/wroclawskaszkolaspiewu.pl\/wp-content\/uploads\/2025\/10\/Projekt-bez-nazwy-3-300x251.png 300w, https:\/\/wroclawskaszkolaspiewu.pl\/wp-content\/uploads\/2025\/10\/Projekt-bez-nazwy-3-768x644.png 768w\" sizes=\"(max-width: 767px) 89vw, (max-width: 1000px) 54vw, (max-width: 1071px) 543px, 580px\" \/><\/figure>\n\n\n<p><span class=\"text_exposed_show\">\u00a0<\/span>Wroc\u0142awska Szko\u0142a \u015apiewu to przede wszystkim ludzie &#8211; ludzie o wielkich sercach i wielkiej pasji. Nasz Zesp\u00f3\u0142 to do\u015bwiadczeni pedagodzy, kieruj\u0105cy si\u0119 w swojej pracy wsp\u00f3ln\u0105 ide\u0105: ka\u017cdy cz\u0142owiek nadaje si\u0119 do \u015bpiewania i ka\u017cdy mo\u017ce ze \u015bpiewania czerpa\u0107 rado\u015b\u0107. Nasz Zesp\u00f3\u0142 to czynni arty\u015bci realizuj\u0105cy niesamowite projekty muzyczne i teatralne.<\/p>\n<p>A przede wszystkim nasz Zesp\u00f3\u0142 to grupa fajnych os\u00f3b, z kt\u00f3rymi nie tylko produktywnie, ale i mi\u0142o sp\u0119dzisz czas na zaj\u0119ciach.<\/p>\n<p>Wychodzimy z za\u0142o\u017cenia, \u017ce kompetencje nauczyciela to po\u0142owa sukcesu. Druga po\u0142owa to nadawanie na tej samej fali. Nasi Trenerzy to kilkana\u015bcie r\u00f3\u017cnych osobowo\u015bci, kilkana\u015bcie r\u00f3\u017cnych metod pracy, kilkana\u015bcie r\u00f3\u017cnych pul \u0107wicze\u0144. Na pewno znajdzie si\u0119 w\u015br\u00f3d nich Trenerka lub Trener dla Ciebie. Mo\u017cesz te\u017c pracowa\u0107 z r\u00f3\u017cnymi Trenerami nad r\u00f3\u017cnymi umiej\u0119tno\u015bciami, albo co jaki\u015b czas pracowa\u0107 z inn\u0105 osob\u0105, je\u015bli zechcesz spr\u00f3bowa\u0107 innych metod pracy &#8211; bo #unasmo\u017cna :). Mo\u017cliwo\u015b\u0107 pracy z r\u00f3\u017cnymi specjalistami to tak\u017ce mo\u017cliwo\u015b\u0107 rozwini\u0119cia skrzyde\u0142 wokalnie, czy m\u00f3wi\u0105c szerzej, artystycznie.<\/p>\n<p>Mo\u017cesz u nas pracowa\u0107 nie tylko nad emisj\u0105 g\u0142osu, ale na przyk\u0142ad nauczy\u0107 si\u0119 akompaniowa\u0107 sobie, realizowa\u0107 w\u0142asne nagrania w warunkach domowych czy pisa\u0107 swoje autorskie piosenki.<\/p>\n<p>Nasz Zesp\u00f3\u0142 (kliknij imi\u0119 i nazwisko, \u017ceby dowiedzie\u0107 si\u0119 wi\u0119cej):<\/p>\n<h4><span style=\"color: #ff00ff;\"><strong>ZA\u0141O\u017bYCIELKA I METODYCZKA WROC\u0141AWSKIEJ SZKO\u0141Y \u015aPIEWU, TRENERKA G\u0141OSU I WYST\u0104PIE\u0143 PUBLICZNYCH<\/strong><\/span><\/h4>\n<p><a href=\"http:\/\/wroclawskaszkolaspiewu.pl\/index.php\/patrycja-obara\/\"><strong>Patrycja Obara<\/strong><\/a> &#8211; mi\u0119dzynarodowo certyfikowana pedago\u017cka wokalna Modern Vocal Training (Level 2) oraz specjalistka pierwszej pomocy wokalnej (Vocal Health First Aider). Autorka podr\u0119cznika pisania tekst\u00f3w piosenek &#8222;Piosenkopisanie&#8221;. Wokalistka, tek\u015bciarka, producentka muzyczna.<\/p>\n<p>Uczy emisji g\u0142osu, pisania piosenek, wyst\u0105pie\u0144 publicznych i technik zarz\u0105dzania stresem. Prowadzi zaj\u0119cia wspomagaj\u0105ce rehabilitacj\u0119 g\u0142osu oraz wspiera g\u0142osy w procesie tranzycji i w okresie przemian zwi\u0105zanych z menopauz\u0105. Regularnie prowadzi warsztaty piosenkopisania i warsztaty sceniczne.<\/p>\n<h4><span style=\"color: #cc99ff;\">TRENERKI I TRENERZY<\/span><\/h4>\n<p><a href=\"https:\/\/wroclawskaszkolaspiewu.pl\/index.php\/krzysztof-bobel\/\"><strong>Krzysztof Bobel<\/strong><\/a> &#8211; prowadzi zaj\u0119cia z emisji g\u0142osu, kszta\u0142cenia s\u0142uchu i akompaniamentu (pianino). Je\u015bli chcesz nauczy\u0107 si\u0119 \u015bpiewa\u0107 czysto i ekspresyjnie, mo\u017cesz na niego liczy\u0107.<\/p>\n<p><a href=\"http:\/\/wroclawskaszkolaspiewu.pl\/index.php\/anna-kaminska\/\"><strong>Ania Kami\u0144ska<\/strong><\/a> &#8211; prowadzi zaj\u0119cia z emisji g\u0142osu, rytmiki, kszta\u0142cenia s\u0142uchu, teorii muzyki w uj\u0119ciu jazzowym, pisania piosenek oraz improwizacji wokalnej. Prowadzi Zesp\u00f3\u0142 Wokalny Wroc\u0142awskiej Szko\u0142y \u015apiewu.<\/p>\n<p><a href=\"https:\/\/wroclawskaszkolaspiewu.pl\/index.php\/gabrysia-komorowska\/\"><strong>Gabrysia Komorowska<\/strong><\/a> &#8211; prowadzi zaj\u0119cia z emisji g\u0142osu, kszta\u0142cenia s\u0142uchu i rytmiki. Jej specjalno\u015b\u0107 to muzykoterapia.<\/p>\n<p><a href=\"https:\/\/wroclawskaszkolaspiewu.pl\/index.php\/magdalena-kubat\/\"><strong>Magdalena Kubat<\/strong><\/a> &#8211; prowadzi zaj\u0119cia z emisji g\u0142osu, kszta\u0142cenia s\u0142uchu i pianina a tak\u017ce zesp\u00f3\u0142 wokalny dla m\u0142odzie\u017cy.<\/p>\n<p><a href=\"https:\/\/wroclawskaszkolaspiewu.pl\/index.php\/iro-stasica\/\"><strong>Iro Stasica<\/strong><\/a> &#8211; prowadzi zaj\u0119cia z emisji g\u0142osu i kszta\u0142cenia s\u0142uchu. Pomo\u017ce Ci, je\u015bli potrzebujesz odpuszczenia w ciele.<\/p>\n<p><strong><a href=\"https:\/\/wroclawskaszkolaspiewu.pl\/index.php\/zespol\/ilona-tomaszewska\/\">Ilona Tomaszewska<\/a><\/strong> &#8211; wokalistka musicalowa, aktorka, tancerka. Prowadzi zaj\u0119cia z emisji g\u0142osu i kszta\u0142cenia s\u0142uchu.\u00a0<\/p>\n<p><a href=\"http:\/\/wroclawskaszkolaspiewu.pl\/index.php\/teo-dumski\/\"><strong>Teo Dumski<\/strong><\/a> &#8211; prowadzi zaj\u0119cia aktorskie technik\u0105 Michai\u0142a Czechowa, uczy interpretacji piosenki i technik zarz\u0105dzania stresem.<\/p>\n<h4><span style=\"color: #666699;\">KOORDYNATORKA ZAJ\u0118\u0106<\/span><\/h4>\n<p><a href=\"https:\/\/wroclawskaszkolaspiewu.pl\/index.php\/zespol\/sara-karmazyn\/\"><strong>Sara Adamczak<\/strong><\/a> &#8211; to jej g\u0142os s\u0142yszycie w s\u0142uchawce, kiedy do nas dzwonicie. Je\u015bli chodzi o kwestie organizacyjne, ma dla niej rzeczy niemo\u017cliwych.<\/p>\n<h4><span style=\"color: #33cccc;\">WSP\u00d3\u0141PRACOWNICY<\/span><\/h4>\n<p><a href=\"http:\/\/wroclawskaszkolaspiewu.pl\/index.php\/emil-smardzewski\/\"><strong>Emil Smardzewski<\/strong> <\/a>&#8211; mo\u017ce dla Ciebie nagra\u0107 podk\u0142ad muzyczny, zaaran\u017cowa\u0107 piosenk\u0119, albo pom\u00f3c Ci zrealizowa\u0107 nagranie audio autorskiej piosenki lub coveru.<\/p>\n<p><a href=\"http:\/\/wroclawskaszkolaspiewu.pl\/index.php\/slawomir-chomiak-physioteam\/\"><strong>S\u0142awomir Chomiak<\/strong><\/a> &#8211; wsp\u00f3\u0142pracuj\u0105cy z nami fizjoterapeuta, za\u0142o\u017cyciel <a href=\"https:\/\/physioteam.pl\/\">Centrum Medycznego Physioteam<\/a>. Je\u015bli potrzebujesz fizjoterapeutycznego wsparcia aparatu g\u0142osu, mo\u017cesz liczy\u0107 na pomoc jego oraz zespo\u0142u Physioteam.<\/p>\n\n\n<p><\/p>\n","protected":false},"excerpt":{"rendered":"<p>\u00a0Wroc\u0142awska Szko\u0142a \u015apiewu to przede wszystkim ludzie &#8211; ludzie o wielkich sercach i wielkiej pasji. Nasz Zesp\u00f3\u0142 to do\u015bwiadczeni pedagodzy, kieruj\u0105cy si\u0119 w swojej pracy wsp\u00f3ln\u0105 ide\u0105: ka\u017cdy cz\u0142owiek nadaje si\u0119 do \u015bpiewania i ka\u017cdy mo\u017ce ze \u015bpiewania czerpa\u0107 rado\u015b\u0107. Nasz Zesp\u00f3\u0142 to czynni arty\u015bci realizuj\u0105cy niesamowite projekty muzyczne i teatralne. A przede wszystkim nasz &hellip; <\/p>\n<p class=\"link-more\"><a href=\"https:\/\/wroclawskaszkolaspiewu.pl\/index.php\/zespol\/\" class=\"more-link\">Czytaj dalej<span class=\"screen-reader-text\"> \u201eNasz Zesp\u00f3\u0142\u201d<\/span><\/a><\/p>\n","protected":false},"author":1,"featured_media":75,"parent":0,"menu_order":0,"comment_status":"closed","ping_status":"closed","template":"","meta":{"footnotes":""},"_links":{"self":[{"href":"https:\/\/wroclawskaszkolaspiewu.pl\/index.php\/wp-json\/wp\/v2\/pages\/20"}],"collection":[{"href":"https:\/\/wroclawskaszkolaspiewu.pl\/index.php\/wp-json\/wp\/v2\/pages"}],"about":[{"href":"https:\/\/wroclawskaszkolaspiewu.pl\/index.php\/wp-json\/wp\/v2\/types\/page"}],"author":[{"embeddable":true,"href":"https:\/\/wroclawskaszkolaspiewu.pl\/index.php\/wp-json\/wp\/v2\/users\/1"}],"replies":[{"embeddable":true,"href":"https:\/\/wroclawskaszkolaspiewu.pl\/index.php\/wp-json\/wp\/v2\/comments?post=20"}],"version-history":[{"count":45,"href":"https:\/\/wroclawskaszkolaspiewu.pl\/index.php\/wp-json\/wp\/v2\/pages\/20\/revisions"}],"predecessor-version":[{"id":1241,"href":"https:\/\/wroclawskaszkolaspiewu.pl\/index.php\/wp-json\/wp\/v2\/pages\/20\/revisions\/1241"}],"wp:featuredmedia":[{"embeddable":true,"href":"https:\/\/wroclawskaszkolaspiewu.pl\/index.php\/wp-json\/wp\/v2\/media\/75"}],"wp:attachment":[{"href":"https:\/\/wroclawskaszkolaspiewu.pl\/index.php\/wp-json\/wp\/v2\/media?parent=20"}],"curies":[{"name":"wp","href":"https:\/\/api.w.org\/{rel}","templated":true}]}}