{"id":1089,"date":"2024-12-03T11:47:00","date_gmt":"2024-12-03T11:47:00","guid":{"rendered":"https:\/\/wroclawskaszkolaspiewu.pl\/?page_id=1089"},"modified":"2024-12-03T11:47:00","modified_gmt":"2024-12-03T11:47:00","slug":"iro-stasica","status":"publish","type":"page","link":"https:\/\/wroclawskaszkolaspiewu.pl\/index.php\/iro-stasica\/","title":{"rendered":"Iro Stasica"},"content":{"rendered":"\n<figure class=\"wp-block-image size-large\"><img loading=\"lazy\" decoding=\"async\" width=\"1024\" height=\"726\" src=\"https:\/\/wroclawskaszkolaspiewu.pl\/wp-content\/uploads\/2024\/12\/cafe-deluca-\u2014-kopia-1-1024x726.jpg\" alt=\"\" class=\"wp-image-1090\" srcset=\"https:\/\/wroclawskaszkolaspiewu.pl\/wp-content\/uploads\/2024\/12\/cafe-deluca-\u2014-kopia-1-1024x726.jpg 1024w, https:\/\/wroclawskaszkolaspiewu.pl\/wp-content\/uploads\/2024\/12\/cafe-deluca-\u2014-kopia-1-300x213.jpg 300w, https:\/\/wroclawskaszkolaspiewu.pl\/wp-content\/uploads\/2024\/12\/cafe-deluca-\u2014-kopia-1-768x545.jpg 768w, https:\/\/wroclawskaszkolaspiewu.pl\/wp-content\/uploads\/2024\/12\/cafe-deluca-\u2014-kopia-1-1536x1090.jpg 1536w, https:\/\/wroclawskaszkolaspiewu.pl\/wp-content\/uploads\/2024\/12\/cafe-deluca-\u2014-kopia-1.jpg 1748w\" sizes=\"(max-width: 767px) 89vw, (max-width: 1000px) 54vw, (max-width: 1071px) 543px, 580px\" \/><\/figure>\n\n\n\n<p>Z wykszta\u0142cenia in\u017cynier i muzyk. Z pasji i zami\u0142owania wokalista i aktor. Absolwent Krakowskiej Szko\u0142y Jazzu i Muzyki Rozrywkowej w klasie wokalu oraz Akademii Sztuk Scenicznych\u00a0PAPA\u00a0w Poznaniu. Obecnie \u0142\u0105czy \u017cycie zawodowe z realizacj\u0105 swoich pasji jako Aktor we Wroc\u0142awskim Teatrze Ekstrawersja.<\/p>\n\n\n\n<p>Pochodz\u0105cy z Beskidu \u017bywieckiego artysta od najm\u0142odszych lat zwi\u0105zany by\u0142 z muzyk\u0105 i ta\u0144cem.&nbsp; Sko\u0144czy\u0142 szko\u0142\u0119 muzyczn\u0105 I stopnia w \u017bywcu w klasie skrzypiec. By\u0142 wieloletnim cz\u0142onkiem Zespo\u0142u Pie\u015bni i Ta\u0144ca \u201eZiemia \u017bywiecka\u201d. Na jaki\u015b czas pozostawi\u0142 swoje m\u0142odzie\u0144cze aktywno\u015bci dla poszukiwania siebie poprzez rozwijanie cia\u0142a, odnajdywania ekspresji emocji oraz wytyczanie swojej drogi w podr\u00f3\u017cy \u017cycia. Doskonali sw\u00f3j g\u0142os dzi\u0119ki ci\u0105g\u0142emu zdobywaniu wiedzy oraz praktyce m.in. poprzez udzia\u0142 w zaj\u0119ciach i warsztatach emisji g\u0142osu wed\u0142ug metod: Kristin Linklater, Flow Phonation, SLS, itp.<\/p>\n\n\n\n<p>Od lat praktykuje jog\u0119, prac\u0119 z oddechem i ruchem, co \u0142\u0105czone z d\u017awi\u0119kiem daje poczucie kompletno\u015bci ekspresji emocji i artystycznego wyrazu.<\/p>\n\n\n\n<p>Jego motto:<\/p>\n\n\n\n<p>Za dwadzie\u015bcia lat bardziej b\u0119dziesz \u017ca\u0142owa\u0142 tego, czego nie zrobi\u0142e\u015b, ni\u017c tego, co zrobi\u0142e\u015b. Wi\u0119c odwi\u0105\u017c liny, opu\u015b\u0107 bezpieczn\u0105 przysta\u0144. Z\u0142ap w \u017cagle pomy\u015blne wiatry. Podr\u00f3\u017cuj, \u015bnij, odkrywaj\u2026 Siebie i sw\u00f3j g\u0142os.\u00a0<\/p>\n\n\n\n<p>W naszej szkole prowadzi zaj\u0119cia z emisji g\u0142osu i kszta\u0142cenia s\u0142uchu.<\/p>\n","protected":false},"excerpt":{"rendered":"<p>Z wykszta\u0142cenia in\u017cynier i muzyk. Z pasji i zami\u0142owania wokalista i aktor. Absolwent Krakowskiej Szko\u0142y Jazzu i Muzyki Rozrywkowej w klasie wokalu oraz Akademii Sztuk Scenicznych\u00a0PAPA\u00a0w Poznaniu. Obecnie \u0142\u0105czy \u017cycie zawodowe z realizacj\u0105 swoich pasji jako Aktor we Wroc\u0142awskim Teatrze Ekstrawersja. Pochodz\u0105cy z Beskidu \u017bywieckiego artysta od najm\u0142odszych lat zwi\u0105zany by\u0142 z muzyk\u0105 i ta\u0144cem.&nbsp; &hellip; <\/p>\n<p class=\"link-more\"><a href=\"https:\/\/wroclawskaszkolaspiewu.pl\/index.php\/iro-stasica\/\" class=\"more-link\">Czytaj dalej<span class=\"screen-reader-text\"> \u201eIro Stasica\u201d<\/span><\/a><\/p>\n","protected":false},"author":1,"featured_media":0,"parent":0,"menu_order":0,"comment_status":"closed","ping_status":"closed","template":"","meta":{"footnotes":""},"_links":{"self":[{"href":"https:\/\/wroclawskaszkolaspiewu.pl\/index.php\/wp-json\/wp\/v2\/pages\/1089"}],"collection":[{"href":"https:\/\/wroclawskaszkolaspiewu.pl\/index.php\/wp-json\/wp\/v2\/pages"}],"about":[{"href":"https:\/\/wroclawskaszkolaspiewu.pl\/index.php\/wp-json\/wp\/v2\/types\/page"}],"author":[{"embeddable":true,"href":"https:\/\/wroclawskaszkolaspiewu.pl\/index.php\/wp-json\/wp\/v2\/users\/1"}],"replies":[{"embeddable":true,"href":"https:\/\/wroclawskaszkolaspiewu.pl\/index.php\/wp-json\/wp\/v2\/comments?post=1089"}],"version-history":[{"count":1,"href":"https:\/\/wroclawskaszkolaspiewu.pl\/index.php\/wp-json\/wp\/v2\/pages\/1089\/revisions"}],"predecessor-version":[{"id":1092,"href":"https:\/\/wroclawskaszkolaspiewu.pl\/index.php\/wp-json\/wp\/v2\/pages\/1089\/revisions\/1092"}],"wp:attachment":[{"href":"https:\/\/wroclawskaszkolaspiewu.pl\/index.php\/wp-json\/wp\/v2\/media?parent=1089"}],"curies":[{"name":"wp","href":"https:\/\/api.w.org\/{rel}","templated":true}]}}